pose 903455 + 562537 = 7*s + 133381. Is s prime?
False
Let q be (-1113)/3*1/(2/(-2)). Suppose 12*p + q = 13*p. Is p prime?
False
Let i = -12224 + 7087. Let s = 11936 + i. Is s prime?
False
Let q(f) = -118*f**3 - f**2 - 4*f + 5. Let y be q(2). Let b = -656 - y. Is b composite?
True
Let y = 9097 + -4207. Suppose -y = -25*z + 61885. Is z prime?
True
Let t(z) = 4509*z**3 + 19*z**2 + 29*z - 118. Is t(3) prime?
True
Is 146163 - (-9 + 5) - (3 + 5) composite?
True
Is (4601396/12)/((-88)/(-264)) prime?
True
Let d be ((-52)/3)/(4/342). Let m be (-2)/((-34)/255*9/(-489)). Let u = m - d. Is u a prime number?
False
Let k(f) = -4473*f - 379. Is k(-10) prime?
True
Let j be (5/3 - 3)/(16/(-24)). Let m(k) = 731*k**2 + k - 5. Is m(j) a prime number?
False
Suppose 0 = -481*k + 40766266 + 185441781. Is k composite?
True
Is 14*1/((-238)/(-6826979)) prime?
True
Suppose 11614287 = 1496*f - 1427*f. Is f composite?
False
Let w(z) = -115337*z**3 + z**2 - 3*z - 2. Suppose 5*v - 591 = -596. Is w(v) a prime number?
False
Suppose -45*k + 7*k = 119*k - 85558877. Is k a prime number?
True
Suppose 8 = 4*r - z, -z + 10 = 5*r - 0*r. Let b(g) = r + 2 - 5 + 95*g + 2. Is b(4) a composite number?
True
Let q = 587 - 540. Suppose i - 2*g - 6611 = 0, 48*g - q*g - 33033 = -5*i. Is i a prime number?
True
Suppose -5*j - 5448 = -2*w, 7*w = 4*w - j + 8155. Let a = w - -144. Is a a prime number?
False
Suppose 27*p - 9 = 24*p. Suppose 0 = 3*c + p*i - 443 - 481, c + 3*i = 310. Is c a prime number?
True
Let m = 250 - -128. Let z(a) = -6*a + 284. Let x be z(47). Suppose -x*p + 4 = -0*p, -2*l = -2*p - m. Is l a prime number?
True
Let j(t) = -2*t - 51. Let p be j(-21). Is (26847/(-6) + 4)/(p/18) prime?
True
Let v(t) = -t - 4. Let k be v(2). Is ((-36)/(-30))/k + (-3836)/(-5) prime?
False
Let i be 2*1/(-6)*(-468)/12. Suppose 22*y - 5301 = i*y. Is y a composite number?
True
Let v be (-1 - (-6)/18) + 23/3. Let o(m) = v*m - 3 + 35*m**2 + 12*m**2 + 3*m + 0. Is o(2) a prime number?
False
Is (-252)/18 - (-1365 + -10) composite?
False
Let t = 2 + 5. Let z(x) = 22716*x + 7 + 6 - 22704*x + 4*x**2. Is z(t) composite?
False
Suppose 0*o = 4*q - 2*o - 14, 0 = 2*q + 4*o - 12. Suppose -8*j + 4750 = -7*j + 3*z, -q*j + z = -18961. Is j prime?
False
Let z be 4/(-22) + (-1466865)/99. Let l = -5876 - z. Is l prime?
True
Let p = -2931 - -1371. Suppose -5*q + 3*n = 4438, -2*n - 885 = 10*q - 9*q. Let u = q - p. Is u composite?
False
Let w = 991 - -3088. Let k = -2796 + w. Let a = k + -712. Is a a composite number?
False
Suppose -22*o = 274066 - 1150964. Suppose 5*p - 2*r - o = 0, 20*r - 15*r + 31894 = 4*p. Is p prime?
False
Suppose -5*p = -3*y - 90, 0 = 3*p - 11*y + 6*y - 54. Is (-294405)/(-135) + 4/p composite?
True
Let c(m) = -m**3 - 8*m**2 + 8*m + m**2 - 4 + 8*m. Let j be 7 + (5 + 6)*-1 - 9. Is c(j) a prime number?
False
Let u = 51518 - 34001. Let s = u - 9332. Is s a composite number?
True
Suppose 0 = 3*o - 25 - 26. Suppose o*d - 160112 = d. Is d a prime number?
True
Let a(t) = t**2 - t - 11. Let q be a(5). Suppose -k + 3*w + q = 0, 6*w - w = 2*k - 17. Is (-9)/k - 625/(-2) composite?
False
Suppose 0 = 59*u - 934388 - 525095. Is u composite?
True
Suppose 17*d - h + 930060 = 20*d, -4*h - 930045 = -3*d. Is d prime?
True
Let g(d) = -1056*d - 2177. Is g(-33) a prime number?
False
Let z = -91 + 519. Suppose -3*f + 15 = 0, -2*b + z = 2*f - 400. Is b a prime number?
True
Suppose -5*r = -3*s + 299, -3*r - 9*s = -6*s + 165. Is (29/r)/(1/(-10394)) prime?
True
Let a(f) = 562*f + 3. Let g(m) = -m**2 + 16*m - 17. Let c be g(18). Let z = 54 + c. Is a(z) a composite number?
True
Let w = 69 + -49. Suppose 3*h = 5*o + 7337, -8*h + w = -3*h. Let s = 2532 + o. Is s composite?
True
Let u(z) = z**3 - 11*z**2 + 2*z - 5. Let g be u(7). Let i = 165 - 270. Let l = i - g. Is l a prime number?
False
Let c be 33/(-88) - (-77339)/8. Suppose -7*p = -c - 1120. Is p composite?
True
Suppose 4*j + 25*j = 2*j + 23452389. Is j prime?
False
Let h be -136 - (-6 - (-6)/3). Let y = 1970 + h. Is y prime?
False
Let i(g) = 3997*g + 2. Let d be i(-2). Let z = 14909 + d. Suppose 0 = 2*s + 1827 - z. Is s composite?
True
Suppose 0 = -4*l + 9*l - 165. Suppose 4*s = v - 48 + 17, -v = 4*s + l. Is (242/s)/(44/16 + -3) a prime number?
False
Let r(k) = 15*k + 81. Let b be r(12). Suppose 3*q = -3*d + 1254, b + 156 = d + 2*q. Is d prime?
True
Suppose 36 = -10*x + 4*x. Is 10215 + (x - (-6 - -4)) a composite number?
False
Let r = 330250 - 224931. Is r a prime number?
True
Suppose -s = -2 - 0. Suppose -5*v + a = 4*a - 27, -s*v + a + 13 = 0. Suppose v*g - 13 = 929. Is g prime?
True
Let u(n) be the third derivative of 389*n**6/40 - n**5/30 - n**4/24 + 11*n**3/6 + 2*n**2 + 19*n. Is u(2) a composite number?
False
Suppose 5*a = -4*f + 60, 2*a - 14*f - 24 = -13*f. Is ((-946)/36 + a/(-54))*-2 prime?
True
Let f(w) = 6 + 95*w - 262*w - 2 - 199*w. Let v be f(-4). Suppose 5*s = v + 427. Is s a prime number?
True
Suppose 42*u + 0*u = -u + 372251. Is u prime?
False
Let l = 650 - 514. Suppose -150*b = -l*b - 43918. Is b composite?
False
Let c = -1803679 + 2630150. Is c prime?
False
Suppose 36*v - 4*j - 28 = 33*v, -3*v + 5*j = -32. Suppose -4*d - w = -17280, -5*d + v*w + 0*w = -21621. Is d composite?
True
Let m(s) = 92*s + 4727. Let y(j) = j**2 + 18*j + 81. Let p be y(-9). Is m(p) a composite number?
True
Let k = 532847 + -213732. Is k a composite number?
True
Let l(r) = -r**3 + 10*r**2 - 11*r - 6. Let a(k) = -k**3 + 9*k**2 - 10*k - 5. Let c(y) = -4*a(y) + 3*l(y). Let m be c(5). Suppose m*j - 89 = 331. Is j prime?
False
Let n(r) = 196*r**2 - 2*r - 30. Let s be n(6). Let f = s + -3581. Is f a composite number?
False
Suppose -3937*v + 3949*v = 1846452. Is v composite?
False
Suppose 0 = -x + 2*f - 7, -3*x - 7*f + 5*f = 13. Let i(t) = -144*t - 20 - 20 + 39. Is i(x) a prime number?
True
Let h(w) = 17094*w**2 - 146*w + 287. Is h(2) a composite number?
False
Is (-28)/(-168)*(-8 + 11144642) a prime number?
True
Suppose r + 2064 = 4*z, 4*z + 1038 = 6*z - 2*r. Let f be (-21)/(-2)*2/3. Suppose -z - 402 = -f*t. Is t a composite number?
False
Let t(c) = -c**3 + 4*c**2 + 2*c - 8. Let m be t(4). Is (m - (-42)/4)*321096/612 composite?
True
Let k = 54 - 80. Is (-13)/k - (-1 + 466/(-4)) a prime number?
False
Suppose 0 = -4*a - 2*v + 31176, v + 15604 = 2*a - 2*v. Suppose 0 = 22*j - 34818 - a. Is j a prime number?
False
Let d be 2/((-3)/1*8/(-36)). Suppose -90257 = -5*t - 0*t + 2*i, d*t + 4*i = 54175. Is t a composite number?
True
Let w = 432 + -328. Is w/65 + 134442/30 composite?
False
Let c = 74 + -72. Let d be (0 - 8)*1/c. Is (-1 + 84)/((d - -1) + 4) a composite number?
False
Suppose -6*w = -4*i - w + 627, -w = -i + 157. Let l be (0 - (-2274)/5) + 107/535. Let t = l + i. Is t composite?
False
Let v(w) = -w**2 - 10*w - 17. Let x be v(-6). Suppose -7383 - 77814 = -x*s. Is s a prime number?
False
Suppose 0 = 5*p - l - 548785 + 45829, 4*p - 5*l = 402369. Is p a composite number?
False
Is (100/70)/((-1)/2368884*-6) - -3 a prime number?
False
Let f be 4 - (4 + -3 - -1). Let d be (3 - -1) + f*-2. Is 1361 - 1/2*(d + 0) composite?
False
Let j(c) = -309*c**3 - 15*c**2 - 69*c - 17. Is j(-6) a composite number?
False
Suppose b = 3*u + 18029, -b = 5*u - 1868 - 16193. Is b composite?
False
Let z(j) = -2275*j - 1306. Is z(-11) a prime number?
True
Let p = -29245 - -216236. Is p a prime number?
False
Let h(j) = -12988*j - 353. Is h(-12) a composite number?
True
Suppose 0 = 4*p + 29*k - 33*k - 336808, 3*p - 252626 = -k. Is p prime?
False
Let g = 27129 + -18800. Is g prime?
True
Suppose 0 = -4555*i + 4596*i - 349033. Is i a prime number?
True
Suppose 2*x - 2454 = p - 27665, 4*x - 75623 = -3*p. Suppose 0 = 16*v + 7273 - p. Is v composite?
True
Suppose -11 + 3 = 4*k. Let h be -14*(12 + -19)/(1/k). Let n = 301 - h. Is n composite?
True
Suppose 2*y - 1329 = 4*k + 2709, k - 6071 = -3*y. Let t = y - 102. Is t composite?
True
Let c = 4186 - 14512. Let b = -2717 - c. Is b a composite number?
True
Let v(x) = 17*x + 19. Let n(c) = 20*c + 14. Let d(y) = 4*n(y) - 3*v(y). Suppose -36 = -3*b - 0*b. Is d(b) composite?
False
Is (19/114 - 2828/(-24))*5666/4 composite?
True
Suppose 3591577 + 749002 = 75*t + 82*t. Is t a composite number?
False
Suppose -190*y - 113294 = -194*y - 3*o, 4*y - 113246 = 5*o. Is y composite?
False
Suppose -4*h